 Let c be r(-4). Calculate the highest common factor of 16 and c.
8
Let c be (-23 - -5)*-1*(-45)/(-6). What is the highest common factor of c and 30?
15
Let l(z) = -3*z**3 - 5*z**2 + z. Let b be l(-4). Let u = b + -40. Calculate the highest common factor of u and 34.
34
Let r be (-9)/((-396)/(-8)) - (-450)/55. Calculate the highest common factor of 8 and r.
8
Let o be ((-9850)/(-125))/(4/150*3). What is the highest common factor of 5 and o?
5
Suppose -6*m + 19*m - 273 = 0. What is the greatest common divisor of 81 and m?
3
Let i(b) = 4*b**2 - 8*b + 6. Let q be i(2). What is the greatest common divisor of q and 138?
6
Suppose 0 = 3*k + 12*k - 405. Calculate the highest common factor of k and 36.
9
Let n(v) = -v - 2. Let p be n(-4). Suppose -2*j + 223 = 5*q, 0 = p*j + j - 12. What is the highest common factor of q and 301?
43
Suppose -3*t + 2 = -2*t. Suppose r + t - 16 = 0. What is the highest common divisor of r and 7?
7
Suppose 2*h = -2*u - 6, 1 + 2 = -u. Suppose 3*i - 26 = 3*c - 2*c, 3*c - 12 = h. What is the greatest common factor of 90 and i?
10
Let h = -2 - 4. Let u = h - -12. Suppose 24 = 2*w - w. Calculate the highest common divisor of w and u.
6
Suppose 0*n + 5 = 5*n, 5*q - 421 = -n. Calculate the highest common factor of q and 399.
21
Let t(f) = f + 11. Let o be t(-4). Suppose o + 5 = 4*k. Suppose 24 + 9 = k*j. What is the greatest common factor of j and 88?
11
Let p(c) = c**2 + 7*c - 251. Let l be p(13). Let h(f) = f**3 - f**2 - f + 72. Let u be h(0). What is the greatest common divisor of l and u?
9
Let g(y) = 24*y**2 - 6*y + 66. Let b be g(7). Calculate the greatest common factor of b and 50.
50
Let w be -4 - (-8 + 4 + -10). Let r(z) = 5 - 4 + 2*z**2 + 5 - 9*z + 4. Let s be r(w). What is the greatest common factor of 15 and s?
15
Suppose o = 4*c + 8, -192 = -5*o - c - 68. What is the greatest common divisor of o and 136?
8
Let v be (-4 + -2)*(22 + -26). Suppose 5*z - 27 = -4*y, -4*z + 0*y - 4*y + 24 = 0. What is the greatest common divisor of z and v?
3
Let i = 186 - 116. Calculate the greatest common factor of i and 14.
14
Suppose 74*z - 138*z = -2432. Calculate the greatest common factor of z and 323.
19
Suppose x - 2*q + 2 - 7 = 0, -3*q = x. What is the greatest common divisor of x and 24?
3
Let v(k) = 14*k - 7. Suppose 3*n = 2*n + 5. Suppose 3*b = 4*b - n. Let g be v(b). Calculate the greatest common factor of 9 and g.
9
Let n be 690*3/((675/10)/9). What is the highest common divisor of 36 and n?
12
Let a(h) = 0 + 10 - 2*h**3 + 0*h - 3*h**2 + 4*h + 0. Let u be a(-5). What is the greatest common factor of u and 15?
15
Suppose 3*y - 2*y - 3 = 0, 0 = -3*p - 3*y + 3273. Calculate the highest common divisor of p and 34.
34
Let x be 4/3 + 7981/69. Let t(p) = p**3 + 7*p**2 + 9*p + 4. Let v be t(-7). Let s = v + x. Calculate the highest common factor of s and 145.
29
Suppose 322 - 10 = 3*q. Suppose -101*c = -q*c + 6. What is the greatest common factor of 6 and c?
2
Let d be 393 + -2 + -2 - (5 - 1). Calculate the greatest common divisor of 55 and d.
55
Suppose -13 + 73 = s. Suppose 6*n = 11*n - s. Suppose n = 2*o - o. What is the greatest common divisor of o and 60?
12
Suppose 0 = -2*q + 5*q + y - 271, -q - 5*y = -109. Let r(w) = 84*w + 5*w**2 - q*w + 3*w**2 - 3. Let v be r(-3). What is the highest common factor of v and 21?
21
Let f(i) = 3*i**2 + 47*i - 12. Let w be f(-18). Suppose 7 = q - 3*g, 0 = -3*q + 2*q + 5*g - 1. Calculate the highest common factor of w and q.
19
Let d = 666 - 367. What is the greatest common divisor of d and 46?
23
Suppose 5*u = -0*u + 230. Let n = 96 - u. Calculate the highest common factor of 20 and n.
10
Suppose 0 = -7*k - 56 + 252. What is the highest common factor of 7 and k?
7
Let l = 3215 + -2295. Calculate the highest common divisor of l and 80.
40
Suppose -2*r + 6*r - 4*j = 540, -5*r + j + 663 = 0. Calculate the highest common divisor of r and 110.
22
Suppose 14*m - 2*o = 9*m + 445, 0 = -4*m + 2*o + 354. Calculate the highest common factor of m and 104.
13
Let u = 245 - -241. What is the greatest common factor of u and 27?
27
Let o(b) = 0*b + 54 + 2*b - 15 - 5*b. Let v be o(8). Suppose 5*p + 4*f - 132 = 231, -4*f - 162 = -2*p. Calculate the greatest common divisor of p and v.
15
Let g(d) = -d. Let y be g(-2). Suppose -m + 0*m - y = 0. Let l be (m/((-8)/28))/1. Calculate the highest common divisor of 49 and l.
7
Let z = 89 - -33. What is the highest common divisor of z and 2?
2
Let f be (-175)/50 - 4389/(-6). Calculate the greatest common factor of 56 and f.
56
Let w(z) = -20*z + 5. Let c be w(-5). Let m = 132 - c. What is the greatest common divisor of 3 and m?
3
Suppose -1 = -4*b + 3. Let x be b + (-3 - (-7 + -3)). Calculate the greatest common divisor of x and 1.
1
Let l = -847 + 877. What is the highest common factor of 1590 and l?
30
Suppose -8*j = -258 - 62. What is the greatest common divisor of 500 and j?
20
Let o(d) = d + 199. Let t be o(17). What is the highest common factor of t and 8?
8
Let s(p) = p**2 - 83*p + 840. Let a be s(72). Calculate the highest common divisor of a and 4.
4
Suppose -4*m + 11 = 3*a - 6*a, 3*a - 34 = -5*m. Suppose -2*g = a*g - 195. What is the highest common divisor of g and 3?
3
Suppose 0 = c + 58 - 75. What is the highest common factor of 510 and c?
17
Suppose 0 = -3*b - 3*b + 1278. Suppose -b - 120 = -5*w + 3*q, -4*w + 265 = -q. What is the highest common divisor of w and 44?
22
Suppose 10*k = -o + 7*k + 60, 5*o + 5*k - 300 = 0. Calculate the highest common divisor of 100 and o.
20
Suppose 5*l + 1 = 4*l. Let t = l - -43. Calculate the greatest common factor of 28 and t.
14
Suppose 0 = -5*c + 5*n + 655, 5*n + 167 = 3*c - 236. Let d = 23 - 9. Calculate the greatest common factor of c and d.
14
Let t be (-1246)/(-5) - 84/(-105). What is the greatest common factor of t and 25?
25
Let t(u) = -u**3 + 5*u**2 + 4*u - 5. Suppose l + 4*w - 50 = -4*l, -3*w = -15. Let o be t(l). Let v = 37 - o. Calculate the greatest common factor of v and 6.
6
Suppose 0 = 3*p - 56 - 25. Suppose -3*w = 4*j - 32, -3*j + 9 + 15 = w. Let i = j + 10. What is the greatest common divisor of p and i?
9
Let w(a) be the first derivative of a**4/4 + 5*a**3 - 2*a**2 + 16*a + 1. Let b be w(-15). Calculate the highest common divisor of 19 and b.
19
Let h = -221 - -225. Calculate the highest common divisor of h and 92.
4
Suppose 0 = 4*c - 21 + 9. Suppose -c = -3*z + 4*z. Let a be (-88)/z*(-45)/(-6). Calculate the greatest common divisor of 20 and a.
20
Suppose -5*b - 628 = -4*f, -312 = 4*f - 6*f + 2*b. What is the greatest common factor of f and 19?
19
Let y be (-13)/(78/(-20))*(-27)/(-15). Let t(h) = -11*h - 2. Let v = 2 + -6. Let f be t(v). Calculate the highest common factor of f and y.
6
Suppose 4*f - 8 = -3*g, -f + 2 = -4*g + g. Let k be (110/50)/(f/10). Suppose 9*w - 4*w = 385. Calculate the greatest common divisor of w and k.
11
Let v be (17 - 11)*(-3)/(6/(-5)). Calculate the greatest common factor of 20 and v.
5
Let b = 0 + 5. Suppose b*p + 11 = 41. Suppose -2*v = 13*g - 10*g - 24, -5*v + g + 60 = 0. Calculate the greatest common divisor of p and v.
6
Let b = -74 - -202. What is the highest common divisor of b and 8?
8
Suppose -3*w + 5 = -5*s, -11 - 10 = 2*s - 5*w. Let n be 38/10 + s*6/(-15). Calculate the highest common factor of n and 4.
1
Suppose 0*z = -14*z + 6720. Calculate the highest common factor of 5 and z.
5
Suppose 0 = 2*c + 3*l - 5, 3*c + 4*l - 8 = 0. Suppose 3*b = c*b - 22. Let u be (-9)/18 - 69/(-6). What is the greatest common factor of b and u?
11
Let l = -71 - -152. Calculate the highest common factor of l and 108.
27
Let w be (-414)/(-16) + (-10)/(-80). What is the highest common factor of 26 and w?
26
Let x = -428 + 473. Calculate the greatest common factor of 135 and x.
45
Let i = 15 - 7. Suppose -6*o + 2*o + 300 = 5*t, -2*o - 74 = -t. What is the highest common divisor of t and i?
8
Let x(j) = j**2 + 5*j + 3. Let u be x(-5). Let w = 14 - 9. Suppose w*r = 9 - 4. What is the greatest common factor of r and u?
1
Suppose 57*z = 3*z + 10530. What is the highest common divisor of 273 and z?
39
Let u be (-328)/(-18) + (-20)/90. Suppose 0*n = n - u. Calculate the highest common factor of n and 27.
9
Let d(m) = -7*m. Let o(q) = -13*q - 1. Let c(h) = -9*d(h) + 4*o(h). Let p be c(4). Ca